mber?
True
Let u(y) = -5*y**2 - 6*y - 1. Let k(o) = 9*o**2 + 11*o + 3. Let s(n) = 4*k(n) + 7*u(n). Suppose 13*p = 10*p - 12. Is s(p) a prime number?
True
Suppose 0 = -3*d - n - 1, 0 = 2*d + 5*n + 4 + 1. Suppose f = 5*h - 0*f - 297, d = -4*h - 3*f + 230. Is h prime?
True
Suppose -2*t + 5*g = -920, t - 4*t - 5*g = -1380. Suppose -h = -t - 733. Is h a composite number?
False
Let b(k) be the third derivative of k**6/120 + k**5/6 + 3*k**4/8 + k**3/6 - 7*k**2. Is b(-7) prime?
False
Let a(h) = -h**3 + 9*h**2 - 6*h + 3. Is a(8) a prime number?
True
Suppose -4*d = -0*d + 4*z - 4656, -3*z + 3 = 0. Is d a composite number?
False
Suppose 18 = -0*n + 3*n. Suppose -m + n*m = -20. Is 2/(m/(-42)*3) composite?
False
Let i = 3 + -1. Let a(s) = -21*s + 6. Let c be a(-5). Suppose -i*t - c = -5*t. Is t a prime number?
True
Is 1 + 442 + 4 + (-3 - -2) a prime number?
False
Suppose 0*p = p - 90. Let o = -57 + 82. Suppose r - o = p. Is r composite?
True
Let x be 52/10 - (-5)/(-25). Let r = x + -6. Let h = 14 - r. Is h composite?
True
Let z = -18 + 9. Is (3 + 0)/(z/(-114)) a composite number?
True
Suppose -x + 0*x + 46 = 0. Is x a prime number?
False
Let p(y) = 11*y**2 + 3*y - 9. Is p(-4) a prime number?
False
Suppose -2*n = n. Suppose p + 4*p + 140 = n. Let a = p - -54. Is a a prime number?
False
Let f(u) = u**2 + 6. Is f(-10) prime?
False
Let v(x) = -x**3 + 4*x**2 - x + 1. Let t(k) = 1. Let j(a) = -3*t(a) + v(a). Let l be j(3). Suppose -s + 6 = -l. Is s prime?
False
Let l(k) = -5*k**2 + 2*k + 1. Let r be l(-1). Let n be (2 - 1)*(-3 - r). Suppose n*z + z - 3*x - 653 = 0, 0 = -2*x - 6. Is z prime?
False
Suppose -5*m + 318 = -4*n, -3*n - 123 = -0*m - 2*m. Suppose m = 2*x + x. Is x composite?
True
Let k = -791 - -1580. Is k prime?
False
Let o = -12 - -22. Let b = o + 37. Is b composite?
False
Let o(a) = a**3 - a**2 + a + 6. Is o(7) prime?
True
Is 591832/87 - 1/(-3) a prime number?
True
Let k = -3 - -6. Suppose 37 = k*p - 2. Is p composite?
False
Let b(d) = 14*d - 2. Suppose -2 = -2*r + 3*r, 4*r = 3*x - 23. Let q be b(x). Suppose n = 3*n - q. Is n prime?
False
Let n(y) = -y. Let q be n(-3). Is (q/(-9))/(1/(-57)) composite?
False
Let i = 6 + -6. Suppose i = -2*q + 58 + 312. Is q composite?
True
Let d = -15 + 44. Suppose -4*s = -z - d, 2*s = 5*s - z - 22. Suppose 5*i + 5 = -5*q, 4*q - 32 = s*i - 2*i. Is q a prime number?
True
Let z(t) = 7 + 2*t**2 - 5*t**2 + 2*t**3 - 9*t - 4*t**2. Is z(6) prime?
False
Let n be 16/(-9) - (-2)/(-9). Let u be -21 + n + (1 - 0). Let r = u + 41. Is r a prime number?
True
Suppose -4*v = -5*i - 2 - 4, -4*v = 4. Is 162 - (2*i + 3) a composite number?
False
Let o be 8 - 1 - 3 - 1. Suppose -5*r + 8*z = o*z - 965, 2*z = 0. Let w = 108 + r. Is w prime?
False
Let i(q) = -1003*q + 37. Is i(-4) composite?
False
Is -307*((-2 - -5) + -4) prime?
True
Let j(p) = p - 1. Let l be j(4). Suppose 4*s = l*s - 2. Is ((-7)/2)/(1/s) composite?
False
Let k be 4/14 + (-39678)/(-42). Is (2 + k/(-12))*-4 a composite number?
False
Let u be 1/(2 - (-13)/(-6)). Let d(j) = -12*j + 20. Let v(l) = 4*l - 7. Let y(b) = u*d(b) - 17*v(b). Is y(2) a prime number?
True
Suppose 2*v = 4*v + 5*f - 38, -v = 4*f - 19. Is (v/(-3))/((-2)/42) composite?
True
Suppose -4*x + 280 = 1224. Let b = x + 454. Is b a prime number?
False
Let u be 16/(-20)*10/(-4). Let g(f) = -2 + f**u - f**3 + 0 - f + 0*f**3. Is g(-3) a composite number?
False
Let z(k) = 28*k**3 - 3*k**2 + 15*k - 1. Is z(5) a composite number?
False
Suppose g + 210 = 4*g. Suppose 2*r + g = 548. Is r a composite number?
False
Is (2 + 1)*(3 + 728/6) prime?
True
Let z = -3 - -8. Let w(c) = 2*c**2 + 11*c + 7. Let k be w(-5). Suppose 4*q + 156 = 3*o + z, k*q - 57 = -o. Is o a prime number?
True
Let y be -1 - -329 - (2 + 0). Suppose 2*t = 4*t - y. Is t a prime number?
True
Suppose 2*z - 2705 = -3*y, 5*y + 7*z - 4510 = 2*z. Is y composite?
True
Is -2*3/(-6) + 796 a composite number?
False
Let q = -1 - -3. Let o be 0 + 3/((-2)/q). Is 160 - (-1)/(-1)*o composite?
False
Let v be -3 - (0/2 - 7). Let l be (6/v)/((-9)/(-12)). Suppose 149 + 89 = 2*p - 4*w, l*p + 2*w - 238 = 0. Is p prime?
False
Let u(q) = 31*q + 6. Let t be u(6). Suppose 3*s + 200 = -2*s - 5*d, -4*d = -4*s - t. Is 2/(-6) - s/6 composite?
False
Let l(d) = -d**2 - d - 1. Let k(q) = q**3 - 6*q**2 - 8*q + 3. Let t(z) = -k(z) + l(z). Let s be t(6). Is (s + 15)/1 - -2 prime?
True
Suppose h + 22 = 2*h. Is (h/(-4))/(1/(-2)) a prime number?
True
Suppose 2*i + 2*i - 20 = 0. Suppose -573 = -5*v - i*w + 1932, 2*w = 5*v - 2505. Is v a prime number?
False
Suppose 7*s - 2777 = 366. Is s composite?
False
Let o(l) = -8*l**2 + 10*l - 12. Let y(d) = 16*d**2 - 20*d + 23. Let u(j) = 5*o(j) + 3*y(j). Is u(7) a prime number?
True
Let q = 2 - 1. Suppose -4*m - 36 = 4*h, 5 - 14 = -4*h + 5*m. Is (q - 4) + 6 - h prime?
True
Let o be 2/(-6) + 10/30. Suppose 5*u + o*u - n - 3391 = 0, -4*n + 16 = 0. Is u composite?
True
Suppose 0 = 7*w - 2*w + 50. Let l(j) = 1. Let m(a) = 9*a - 3. Let f(b) = -4*l(b) - m(b). Is f(w) prime?
True
Let d(u) be the first derivative of 5*u**2 + 1. Is d(1) a prime number?
False
Let m = 298 - 141. Is m a prime number?
True
Suppose 0 = d + 3*d. Suppose 3*a - 21 + 9 = d. Suppose a*h - 4*w - 114 - 14 = 0, 3*h + 4*w - 117 = 0. Is h a prime number?
False
Suppose 0 = r - 2*r + 3. Suppose r*a - a - 6 = 0. Is a/(-6)*124/(-2) composite?
False
Let f(v) = -v**3 - 6*v**2 - 6*v - 7. Let u be f(-5). Let q be u/6 + (-4)/(-12). Is q + 14 - (-1 + 1) a composite number?
True
Let b(h) = h**3 - 4*h**2 - 7*h - 9. Is b(8) prime?
True
Let k be (-2)/(-4)*(20 - -2). Suppose -3*a - k = 4*m + 2*a, 3*a + 6 = -3*m. Is 29 + (0 + m - 4) composite?
True
Let i(j) = -2*j - 3*j + 3*j - 9. Let g be i(-6). Let k(x) = 17*x**2 - 3*x + 1. Is k(g) a composite number?
True
Suppose -2*h = -0*h. Suppose -4*f + 17 - 5 = h. Suppose 3*w - c = 475, -f*c = -2*w - 7*c + 298. Is w prime?
True
Let k be (6/(-9))/((-3)/9). Suppose 11 = -v - 2*b, v + 17 = -2*v + k*b. Let y(p) = 4*p**2 - 2*p + 1. Is y(v) a composite number?
False
Let b(y) = 5*y + 3. Let n be b(-2). Let x = n + 20. Is x composite?
False
Suppose -b = 3*t - 24, -b = -2*t - 2*t + 32. Let c = t - 6. Is 1*(c - -2) - 2 prime?
True
Is 0 + -2 + 582 - 2/(-2) a composite number?
True
Let g be (14/(-21))/((-4)/18). Suppose j = -g*l + 427, l = -4*j - j + 133. Is l a prime number?
False
Suppose -2*r + 12 = r. Let m(u) = 2*u + r*u**3 - u**3 - 6*u**2 - 2 - 2*u**3. Is m(6) prime?
False
Let l(v) = 13*v**2 - 14*v - 2. Let b(i) = -4*i**2 + 5*i + 1. Let y(g) = -7*b(g) - 2*l(g). Is y(7) a prime number?
False
Let o(w) = 25*w**2 + 3*w - 1. Let c be o(2). Let k = c - 36. Is k prime?
False
Suppose 3*x + 11 - 29 = 0. Let k = 10 - x. Is 31 - (2 - k - -2) prime?
True
Suppose -3*g = -15 + 6. Suppose -3*f + 60 = 5*y, -10 + 35 = g*y + 4*f. Is y a prime number?
False
Let w(q) = -136*q**3 + 1. Let p be w(-1). Suppose -1067 = -5*d - 3*v, d - v = 184 + 23. Suppose -4*a + p = -d. Is a composite?
True
Let y(f) be the second derivative of f**3/2 + 2*f**2 + 2*f. Is y(3) a composite number?
False
Suppose 4*m = 1326 + 398. Is m a composite number?
False
Suppose 2 = 28*f - 27*f. Suppose t = 3*j + 134, 2*t - j = -0*t + 258. Suppose -f*r = -t - 294. Is r a composite number?
False
Suppose -5*d = -25, -15 - 4 = -u - 2*d. Let j be 34/u - 8/(-36). Suppose 3*y = 4*g - 178, j*g + 0*y - 164 = -4*y. Is g a prime number?
True
Let s(c) = 4*c**3 - 2*c**2 - c - 6. Let k(r) = -4*r**3 + r**2 + 5. Let g(p) = -3*k(p) - 2*s(p). Is g(2) composite?
False
Let y be 8/(-24)*462/(-2). Suppose k = -0*k + y. Is k prime?
False
Suppose -39*r = -47*r + 9688. Is r a composite number?
True
Let v = 15 + -10. Suppose 563 = v*c + 2*s, 279 = 2*c - 5*s + 48. Is c composite?
False
Suppose 4*z - 10 - 258 = 0. Is z composite?
False
Let f(h) = -h**3 - h**2 - h - 2. Let c be f(-2). Suppose 4*u + i - c = -3, i - 1 = -u. Suppose -3*d + 15 = u, 4*t + 3*d = 731 - 72. Is t composite?
True
Let v(g) = -3*g**3 - 17*g**2 + 2*g - 11. Let t(z) = -z**3 - 8*z**2 + z - 5. Let j(a) = 5*t(a) - 2*v(a). Is j(7) a composite number?
False
Let u = 6257 + -3600. Is u composite?
False
Let n(h) = -5*h**3 - 3*h**2 + 3*h - 2. Is n(-3) a composite number?
False
Let l = -156 - -67. Let h = -15 - l. Is (4 + -3)/(2/h) a composite number?
False
Let k(x) = 285*x - 12. Let i(u) = -1. L